er when f(9) is divided by 13.
12
Let t = -128 + 130. Calculate the remainder when 160 is divided by 0/1 - (-7 + t*-24).
50
Suppose 4*y - 57 = y. Let o = y + -25. Let a(c) = c**2 + 3*c - 7. What is the remainder when a(o) is divided by 6?
5
Suppose 184 - 380 = -2*x. Calculate the remainder when x is divided by 28.
14
Let o = 9 - -1. Suppose 7 = -5*y + 22. Let v(a) = -a**3 + 7*a**2 + 1. Calculate the remainder when v(y) is divided by o.
7
Suppose 98 = 4*n + g, 2*n + 0*n - 2*g - 54 = 0. Calculate the remainder when n is divided by 19.
6
Suppose -6*u - 3*n + 457 = -2*u, 0 = 3*n + 3. Let m = u - 47. What is the remainder when m is divided by 85/4 - (-14)/8?
22
Let u = 23 - 11. Let l(m) = -m**2 + 23*m - 73. What is the remainder when u is divided by l(19)?
0
Let v(o) = -18*o + 5. Calculate the remainder when v(-2) is divided by 38.
3
Let p be 12*(-1 - 1 - (-14)/6). Suppose 0 = -4*s - 4*c + 260, -p*s - 3*c + 9 + 253 = 0. Calculate the remainder when s is divided by 17.
16
Let g(d) = d**3 - 8*d**2 - 13*d + 16. Calculate the remainder when 174 is divided by g(10).
2
Suppose 2*i - 26 = -6. Suppose -3*w + i = b, -4*b + 10 = -w - 2*w. Let q = 8 - w. Calculate the remainder when 15 is divided by q.
3
Let j(k) = k**3 + 14*k**2 + 7*k - 72. What is the remainder when 167 is divided by j(-13)?
5
Let j = -6653 + 6665. What is the remainder when 14/3*(-51)/(-2) is divided by j?
11
Let t(g) = -4*g - 26. Let k be t(-6). What is the remainder when 26 is divided by -1 + -5 + 24 + k*1?
10
Let k be -1 - -6 - (-1 - -3). Suppose k*c + 26 = 5*c. Suppose -u = -2*u + c. What is the remainder when 35 is divided by u?
9
Suppose -4*x = -132 - 300. What is the remainder when x is divided by 11?
9
Let b be 4149/(-45) + 1/5. Let q = b + 38. Let s = -27 - q. What is the remainder when s is divided by 10?
7
Let i = -266 - -302. Calculate the remainder when i is divided by 31.
5
Suppose 7*s - 518 = 595. Calculate the remainder when s is divided by 36.
15
Let y(v) = v**3 + 31*v**2 - 68*v - 50. Calculate the remainder when 126 is divided by y(-33).
14
Let y(f) = -4*f + 19. Let w = 110 - 113. Calculate the remainder when y(w) is divided by 8.
7
Let r be (-4)/14 - 148/(-28). Suppose -4*z + 2*n = -28, 2*n + 10 = r*z - 4*z. What is the remainder when 9 is divided by 1/2*(18 - z)?
3
Suppose 0 = 4*j + u - 5, 4*u = 4*j + u + 15. Suppose 2*y + j*y = 246. What is the remainder when 7 is divided by (-6)/39 - y/(-39)?
1
Let d = 33 - 21. Let j(y) = y**3 - 12*y**2 - 2*y + 3. Let b be j(d). Calculate the remainder when 78 is divided by 6/b + 284/14.
18
Let z be 1*(-2 + -1 + -3). Suppose -4*p - 67 = -3*q + 43, 5*q - 174 = 2*p. Calculate the remainder when q is divided by (-28)/(-2) - z/(-3).
10
Suppose 0 = -0*k + 4*k - 5*w - 1031, -k + 3*w = -263. Let x be 1/((8/k)/4). Suppose x + 35 = 3*r. Calculate the remainder when r is divided by 28.
26
Let x = 1152 + -1057. Calculate the remainder when 98 is divided by x.
3
Suppose -29 = 3*w - v - 4*v, 4*w = -5*v + 8. Let l = -4 - w. Calculate the remainder when (4 + l)*(-1 + 4) is divided by 6.
3
Let a = -2152 + 2447. Calculate the remainder when a is divided by 19.
10
What is the remainder when (-36)/594 + 9510/99 is divided by 12?
0
Let g = 716 - -93. What is the remainder when g is divided by 58?
55
Let v = -130 - -144. Let w(h) = -23*h + 10. Let z be w(-7). Calculate the remainder when -3 + z/6*2 is divided by v.
12
Suppose -o - 77 + 105 = 0. What is the remainder when o is divided by 9?
1
Let i(n) = -n**3 - 9*n**2 - 22*n - 4. Calculate the remainder when 4 is divided by i(-4).
0
Let i = -554 - -615. Calculate the remainder when i is divided by 54.
7
Let q = 1650 - 1620. What is the remainder when 926 is divided by q?
26
Suppose 8*t + 2 - 314 = 0. Calculate the remainder when 132 is divided by t.
15
Let i(n) = n**3 - 23*n + 17*n**2 - 3*n - 5*n - 13 - 7*n**2. Calculate the remainder when i(-12) is divided by 25.
21
Let w(m) = -m**3 + 11*m**2 - 22*m - 1. Let y be 80/10 - (-1 + 1). What is the remainder when 26 is divided by w(y)?
11
Let w = -145 + 156. Suppose -6*b = -121 - w. Let a = 116 - 75. Calculate the remainder when a is divided by b.
19
Let l = 127 - 122. Suppose -l*j + z + 57 = -63, 3*z + 120 = 5*j. Calculate the remainder when 46 is divided by j.
22
Let z = 31 - 27. Let i = 42 - z. Suppose 0 = 3*y - 7 - i. Calculate the remainder when 56 is divided by y.
11
Suppose 0*a + a = 4. Suppose -5*d - 5*u + 240 = 0, -a*d + 6*d - 102 = -5*u. Let k = d - 4. Calculate the remainder when k is divided by 15.
12
Let l(q) = -q**3 + 9*q**2 + 7*q - 15. Calculate the remainder when l(8) is divided by (73 - 1)*(-1)/(-2).
33
Let a = 774 - 747. What is the remainder when (-1064)/(-10) + (-2)/5 is divided by a?
25
Let p = 49 + -53. Let q = 0 + -1. Calculate the remainder when (-329)/(-28) + q/p is divided by 7.
5
Suppose 107*j - 89*j - 2088 = 0. What is the remainder when 357 is divided by j?
9
Suppose -2*u - 2*u + 44 = 0. Suppose 0 = c - u - 0. Let f = -7 - -28. Calculate the remainder when f is divided by c.
10
Suppose 220*a = 224*a - 176. What is the remainder when a is divided by 28?
16
What is the remainder when 82 is divided by ((-385)/28 - -9)/((-2)/16)?
6
Let w be (-26)/(-8) + 12/(-48). Suppose w*z - 45 = -0. What is the remainder when 58 is divided by z?
13
Let x(g) = g - 2. Let v = 3 - -4. Let p be x(v). Suppose 0 = p*a + 1 - 21. Calculate the remainder when 5 is divided by a.
1
Let h(n) = n + 12. Let r(g) = 3*g + 17. Let f be r(-4). What is the remainder when h(f) is divided by (9/15)/(1/15)?
8
What is the remainder when 114 is divided by 2*(5409/198 + (-4)/(-22))?
4
Let m(z) = -2*z**3 - 56*z**2 + 55*z - 37. Calculate the remainder when 246 is divided by m(-29).
46
Calculate the remainder when 28 is divided by 21 - ((-15)/(-3))/(-5).
6
Suppose -14 = 2*p - 104. Calculate the remainder when p is divided by 16.
13
Suppose h + 2*h - 18 = 0. Let i(b) = 2*b - 2. Suppose 4*z = -3*q + 59, -2*z - 3*z + 5*q + 100 = 0. Calculate the remainder when z is divided by i(h).
7
Let b be ((-2)/3)/(1/6). Let p = 251 + -268. What is the remainder when 15 is divided by b/8 - p/2?
7
Suppose 10*j = -12*j + 35068. What is the remainder when j is divided by 21?
19
Suppose 4*n - 3*f + 55 = 0, 4*n - 3*f = -7*f - 48. Suppose -34*w - 721 = -109. Let b = n - w. Calculate the remainder when 19 is divided by b.
4
Suppose 0 = -4*y - 6 + 18. Suppose 0 = 2*p + 2 + 2, 0 = -y*m + p + 68. What is the remainder when m is divided by 12?
10
Suppose 0 = 4*m - 6 - 362. Calculate the remainder when 458 is divided by m.
90
Let f = 78 + -75. Suppose 5*u = f*w - 7, -3*w - u = -2*u - 11. Let s(x) = x**3 + 6*x**2 + 2*x - 3. Calculate the remainder when s(-5) is divided by w.
0
Suppose -n + 62 = 4*t, 2*n + t = 147 - 44. Let l = n + -36. Calculate the remainder when (-4)/(-4 + 2)*13 is divided by l.
12
Suppose -2*v = 4*v - 30. Suppose k + 0*k - 45 = -5*o, -2*k + v*o = -60. Let l = 195 - 58. What is the remainder when l is divided by k?
32
Suppose y + 3*x - 59 = -14, 4*y - 100 = 4*x. What is the remainder when y is divided by 13?
4
Let l = -142 + 226. Let p(z) = 64*z**2 + 23*z + 2. What is the remainder when l is divided by p(-1)?
41
Suppose 67 = 3*f - 9*q + 4*q, -5*f - 4*q + 50 = 0. What is the remainder when f is divided by 11?
3
Let j(z) = z**3 + z**2 - 2*z + 1. Suppose 64*f = 80*f - 240. Calculate the remainder when f is divided by j(-2).
0
Let y = 945 - 685. What is the remainder when y is divided by 56?
36
Let u = 148 + -123. Calculate the remainder when 66 is divided by u.
16
Let p(o) = o + 41. Calculate the remainder when 114 is divided by p(-34).
2
Let d(z) = -z**3 + 6*z**2 - 3*z - 7. Let g be 8/((-14)/3 + 4). Let b(v) = -3*v - 29. What is the remainder when b(g) is divided by d(5)?
1
Suppose 33*u - 4470 = -81. Calculate the remainder when u is divided by 15.
13
Let z be 225/6*4/6. Suppose 21 = 4*q - 0*q - 3*j, -z = -5*j. What is the remainder when 30 is divided by q?
3
Let b = -509 + 598. Calculate the remainder when 333 is divided by b.
66
Let l(x) = -x**3 - 41*x**2 + 3*x + 133. What is the remainder when 17 is divided by l(-41)?
7
Let h = 38 - 36. Suppose -4*b + 28 = n - 24, -44 = -3*b - h*n. Calculate the remainder when 45 is divided by b.
9
Suppose 3*s - 12 = 4*b, s - 4 = 2*b - 0. Suppose -